{"id":5174,"date":"2022-03-01T19:37:39","date_gmt":"2022-03-01T19:37:39","guid":{"rendered":"https:\/\/mys-outlet.com\/?post_type=product&#038;p=5174"},"modified":"2023-01-06T04:41:26","modified_gmt":"2023-01-06T04:41:26","slug":"maquina-afeitar-recargable-vivitar-2-cabezas-patillero","status":"publish","type":"product","link":"https:\/\/mys-outlet.com\/index.php\/producto\/maquina-afeitar-recargable-vivitar-2-cabezas-patillero\/","title":{"rendered":"Maquina Afeitar Recargable VIVITAR 2 CABEZAS-PATILLERO"},"content":{"rendered":"<p><strong>Maquina Afeitar Recargable VIVITAR<\/strong><strong>\u00a0(Dos Cabezas)<\/strong><br \/>\n<span lang=\"es\">Divi\u00e9rtete con la nueva afeitadora recargable. Cuenta con un recortador emergente incorporado y cabezales de afeitado flexibles de doble l\u00e1mina para darle el ajuste perfecto.\u00a0<\/span><\/p>\n<p><span lang=\"es\">Atr\u00e9vete a tener una piel suave y con aspecto fresco con la afeitadora recargable Vivitar. De dise\u00f1o compacto, f\u00e1cil de transportar en su equipaje o mochila. Los cabezales de afeitado flexibles de doble l\u00e1mina y el recortador emergente incorporado son excelentes para esculpir la paleta perfecta. Completamente inal\u00e1mbrico y recargable, es el dispositivo de aseo personal perfecto para que te veas bien.<\/span><\/p>\n<p><strong>Compra de manera segura tus PRODUCTOS EN MYS GROUP con garant\u00eda de 1 A\u00f1o, Env\u00edos a toda COLOMBIA.<\/strong><\/p>\n<h2>\u00bfPor qu\u00e9 comprar DISPENSADOR DE GEL\u00a0en MYS GROUP?<\/h2>\n<p>Aqu\u00ed en MYS GROUP te garantizamos los mas altos est\u00e1ndares de calidad en la entrega de tu producto, envi\u00f3 seguro para toda Colombia, adem\u00e1s, te garantizamos el perfecto estado de tu Maquina de afeitar y con esto 1 A\u00d1O de garant\u00eda por la compra de tu producto.<\/p>\n<h3 class=\"app__header-text\">Especificaciones t\u00e9cnicas<\/h3>\n<ul>\n<li>Cuenta con cabezales de afeitado flexibles de doble l\u00e1mina<\/li>\n<li>La recortadora emergente facilita el recorte perfecto de las patillas.<\/li>\n<li>Totalmente recargable para mayor comodidad.<\/li>\n<li>No se preocupe por enredarse en cables desordenados, \u00a1este dispositivo es completamente inal\u00e1mbrico!<\/li>\n<li>Este producto de aseo personal es el compa\u00f1ero de viaje perfecto.<\/li>\n<\/ul>\n<p>&nbsp;<\/p>\n<p><a href=\"https:\/\/mysgroupcol.com\/\">MYS GROUP<\/a> trae para usted y su familia los mejores productos en distintas categor\u00edas. Por esto compre seguro con nosotros, adem\u00e1s hacemos env\u00edos a toda Colombia, cuenta con Garant\u00eda de hasta 1 a\u00f1o en varias marcas.<\/p>\n<h3>Consigue este y m\u00e1s productos de calidad con nosotros somos Importadores Directos, garantizamos el mejor precio.<\/h3>\n<p>&nbsp;<\/p>\n<ul>\n<li style=\"list-style-type: none;\">\n<ul>\n<li>Vis\u00edtanos ahora en nuestros Instagram &#8211;&gt; <a href=\"https:\/\/www.instagram.com\/mysgroupcol\/\">www.instagram.com\/mysgroupcol\/<\/a><\/li>\n<\/ul>\n<\/li>\n<\/ul>\n<ul>\n<li style=\"list-style-type: none;\">\n<ul>\n<li>Vis\u00edtanos ahora en nuestro Facebook &#8211;&gt; <a href=\"https:\/\/www.facebook.com\/mysgroupcol\">www.facebook.com\/mysgroupcol<\/a><\/li>\n<\/ul>\n<\/li>\n<\/ul>\n<ul>\n<li style=\"list-style-type: none;\">\n<ul>\n<li>Necesitas asesor\u00eda directa, escr\u00edbenos a nuestro WhatsApp &#8211;&gt; <a href=\"https:\/\/api.whatsapp.com\/send?phone=573173644411&amp;text=\">Whatsapp MYS GROUP <\/a><\/li>\n<\/ul>\n<\/li>\n<\/ul>\n<p><strong>Varios m\u00e9todos de pago disponibles \u2013 Producto Nuevo \u2013 Adem\u00e1s Env\u00edos y Pagos Seguros.<\/strong><\/p>\n<p>&nbsp;<\/p>\n<p>&nbsp;<\/p>\n","protected":false},"excerpt":{"rendered":"<p>\u2b50\ufe0fAdquiere tu producto <strong>Maquina de Afeitar Recargable (Dos Cabezas) Rojo<\/strong> de manera segura por nuestra p\u00e1gina WEB, este producto cuenta con <strong>1 A\u00d1O DE GARANT\u00cdA y ENVI\u00d3 A TODA COLOMBIA.<\/strong><\/p>\n<p>&nbsp;<\/p>\n<p><strong>Compra ahora tu<\/strong> <strong>Maquina de Afeitar Recargable (Dos Cabezas) Rojo<\/strong>\u00a0y rec\u00edbelo en la puerta de tu casa con tiempo de entrega:<\/p>\n<p>&nbsp;<\/p>\n<ul>\n<li>1 a 2 d\u00edas para Bogot\u00e1 o Ciudades cercanas.<\/li>\n<li>2 a 3 d\u00edas para ciudades principales.<\/li>\n<li>3 a 5 d\u00edas para ciudades y pueblos lejanos.<\/li>\n<\/ul>\n<p><strong><span role=\"image\" aria-label=\"\u2705\">\u2705<\/span>VARIOS M\u00c9TODOS DE PAGO EN EFECTIVO O CON TARJETA DEBIDO\/CR\u00c9DITO.<\/strong><\/p>\n","protected":false},"featured_media":5260,"comment_status":"open","ping_status":"closed","template":"","meta":[],"product_cat":[188,187,189,208],"product_tag":[239],"class_list":{"0":"post-5174","1":"product","2":"type-product","3":"status-publish","4":"has-post-thumbnail","6":"product_cat-cuidado-facial","7":"product_cat-cuidado-personal","8":"product_cat-hombre","9":"product_cat-vivitar-marcas","10":"product_tag-maquina-afeitar-recargable-vivitar","11":"product_shipping_class-producto-pequeno","13":"first","14":"instock","15":"shipping-taxable","16":"purchasable","17":"product-type-simple"},"_links":{"self":[{"href":"https:\/\/mys-outlet.com\/index.php\/wp-json\/wp\/v2\/product\/5174","targetHints":{"allow":["GET"]}}],"collection":[{"href":"https:\/\/mys-outlet.com\/index.php\/wp-json\/wp\/v2\/product"}],"about":[{"href":"https:\/\/mys-outlet.com\/index.php\/wp-json\/wp\/v2\/types\/product"}],"replies":[{"embeddable":true,"href":"https:\/\/mys-outlet.com\/index.php\/wp-json\/wp\/v2\/comments?post=5174"}],"version-history":[{"count":1,"href":"https:\/\/mys-outlet.com\/index.php\/wp-json\/wp\/v2\/product\/5174\/revisions"}],"predecessor-version":[{"id":7093,"href":"https:\/\/mys-outlet.com\/index.php\/wp-json\/wp\/v2\/product\/5174\/revisions\/7093"}],"wp:featuredmedia":[{"embeddable":true,"href":"https:\/\/mys-outlet.com\/index.php\/wp-json\/wp\/v2\/media\/5260"}],"wp:attachment":[{"href":"https:\/\/mys-outlet.com\/index.php\/wp-json\/wp\/v2\/media?parent=5174"}],"wp:term":[{"taxonomy":"product_cat","embeddable":true,"href":"https:\/\/mys-outlet.com\/index.php\/wp-json\/wp\/v2\/product_cat?post=5174"},{"taxonomy":"product_tag","embeddable":true,"href":"https:\/\/mys-outlet.com\/index.php\/wp-json\/wp\/v2\/product_tag?post=5174"}],"curies":[{"name":"wp","href":"https:\/\/api.w.org\/{rel}","templated":true}]}}

<p><strong>Maquina Afeitar Recargable VIVITAR</strong><strong> (Dos Cabezas)</strong><br />
<span lang="es">Diviértete con la nueva afeitadora recargable. Cuenta con un recortador emergente incorporado y cabezales de afeitado flexibles de doble lámina para darle el ajuste perfecto. </span></p>
<p><span lang="es">Atrévete a tener una piel suave y con aspecto fresco con la afeitadora recargable Vivitar. De diseño compacto, fácil de transportar en su equipaje o mochila. Los cabezales de afeitado flexibles de doble lámina y el recortador emergente incorporado son excelentes para esculpir la paleta perfecta. Completamente inalámbrico y recargable, es el dispositivo de aseo personal perfecto para que te veas bien.</span></p>
<p><strong>Compra de manera segura tus PRODUCTOS EN MYS GROUP con garantía de 1 Año, Envíos a toda COLOMBIA.</strong></p>
<h2>¿Por qué comprar DISPENSADOR DE GEL en MYS GROUP?</h2>
<p>Aquí en MYS GROUP te garantizamos los mas altos estándares de calidad en la entrega de tu producto, envió seguro para toda Colombia, además, te garantizamos el perfecto estado de tu Maquina de afeitar y con esto 1 AÑO de garantía por la compra de tu producto.</p>
<h3 class="app__header-text">Especificaciones técnicas</h3>
<ul>
<li>Cuenta con cabezales de afeitado flexibles de doble lámina</li>
<li>La recortadora emergente facilita el recorte perfecto de las patillas.</li>
<li>Totalmente recargable para mayor comodidad.</li>
<li>No se preocupe por enredarse en cables desordenados, ¡este dispositivo es completamente inalámbrico!</li>
<li>Este producto de aseo personal es el compañero de viaje perfecto.</li>
</ul>
<p>&nbsp;</p>
<p><a href="https://mysgroupcol.com/">MYS GROUP</a> trae para usted y su familia los mejores productos en distintas categorías. Por esto compre seguro con nosotros, además hacemos envíos a toda Colombia, cuenta con Garantía de hasta 1 año en varias marcas.</p>
<h3>Consigue este y más productos de calidad con nosotros somos Importadores Directos, garantizamos el mejor precio.</h3>
<p>&nbsp;</p>
<ul>
<li style="list-style-type: none;">
<ul>
<li>Visítanos ahora en nuestros Instagram &#8211;&gt; <a href="https://www.instagram.com/mysgroupcol/">www.instagram.com/mysgroupcol/</a></li>
</ul>
</li>
</ul>
<ul>
<li style="list-style-type: none;">
<ul>
<li>Visítanos ahora en nuestro Facebook &#8211;&gt; <a href="https://www.facebook.com/mysgroupcol">www.facebook.com/mysgroupcol</a></li>
</ul>
</li>
</ul>
<ul>
<li style="list-style-type: none;">
<ul>
<li>Necesitas asesoría directa, escríbenos a nuestro WhatsApp &#8211;&gt; <a href="https://api.whatsapp.com/send?phone=573173644411&amp;text=">Whatsapp MYS GROUP </a></li>
</ul>
</li>
</ul>
<p><strong>Varios métodos de pago disponibles – Producto Nuevo – Además Envíos y Pagos Seguros.</strong></p>
<p>&nbsp;</p>
<p>&nbsp;</p>

<p>⭐️Adquiere tu producto <strong>Maquina de Afeitar Recargable (Dos Cabezas) Rojo</strong> de manera segura por nuestra página WEB, este producto cuenta con <strong>1 AÑO DE GARANTÍA y ENVIÓ A TODA COLOMBIA.</strong></p>
<p>&nbsp;</p>
<p><strong>Compra ahora tu</strong> <strong>Maquina de Afeitar Recargable (Dos Cabezas) Rojo</strong> y recíbelo en la puerta de tu casa con tiempo de entrega:</p>
<p>&nbsp;</p>
<ul>
<li>1 a 2 días para Bogotá o Ciudades cercanas.</li>
<li>2 a 3 días para ciudades principales.</li>
<li>3 a 5 días para ciudades y pueblos lejanos.</li>
</ul>
<p><strong><span role="image" aria-label="✅">✅</span>VARIOS MÉTODOS DE PAGO EN EFECTIVO O CON TARJETA DEBIDO/CRÉDITO.</strong></p>
