{"id":5576,"date":"2022-03-05T19:35:37","date_gmt":"2022-03-05T19:35:37","guid":{"rendered":"https:\/\/mys-outlet.com\/?post_type=product&#038;p=5576"},"modified":"2023-01-06T04:41:33","modified_gmt":"2023-01-06T04:41:33","slug":"rizador-cabello-ceramica-espiral-vivitar-2","status":"publish","type":"product","link":"https:\/\/mys-outlet.com\/index.php\/producto\/rizador-cabello-ceramica-espiral-vivitar-2\/","title":{"rendered":"Rizador Cabello Ceramica Espiral VIVITAR"},"content":{"rendered":"<p>rizadora de cabello espiral<\/p>\n<p>Cilindro de 19mm y 23 mm<\/p>\n<p>Temperatura hasta 180\u00b0C o 360\u00baF.<\/p>\n<p>Rizos suaves y de larga duraci\u00f3n.<\/p>\n<p>Cable giratorio de 360\u00ba.<\/p>\n<p>Tipo de indicador: Interruptor ON-OFF, Piloto.<\/p>\n<p>Indicador de luz Encendido \/Apagado.<\/p>\n<p>Gu\u00edas en espiral para facilitar el rizado.<\/p>\n","protected":false},"excerpt":{"rendered":"<p>\u2b50\ufe0fAdquiere tu producto <strong>Rizador Cabello Ceramica Espiral VIVITAR <\/strong>\u00a0 de manera segura por nuestra p\u00e1gina WEB, este producto cuenta con <strong>1 A\u00d1O DE GARANT\u00cdA y ENVI\u00d3 A TODA COLOMBIA.<\/strong><\/p>\n<p>&nbsp;<\/p>\n<p><strong>Compra ahora tu<\/strong> <strong>Rizador Cabello Ceramica Espiral VIVITAR<\/strong> \u00a0 y rec\u00edbelo en la puerta de tu casa con tiempo de entrega:<\/p>\n<p>&nbsp;<\/p>\n<ul>\n<li>1 a 2 d\u00edas para Bogot\u00e1 o Ciudades cercanas.<\/li>\n<li>2 a 3 d\u00edas para ciudades principales.<\/li>\n<li>3 a 5 d\u00edas para ciudades y pueblos lejanos.<\/li>\n<\/ul>\n<p><strong><span role=\"image\" aria-label=\"\u2705\">\u2705<\/span>VARIOS M\u00c9TODOS DE PAGO EN EFECTIVO O CON TARJETA DEBIDO\/CR\u00c9DITO.<\/strong><\/p>\n","protected":false},"featured_media":5563,"comment_status":"open","ping_status":"closed","template":"","meta":[],"product_cat":[193,187,192,208],"product_tag":[],"class_list":{"0":"post-5576","1":"product","2":"type-product","3":"status-publish","4":"has-post-thumbnail","6":"product_cat-cuidado-del-cabello","7":"product_cat-cuidado-personal","8":"product_cat-mujer","9":"product_cat-vivitar-marcas","11":"first","12":"instock","13":"shipping-taxable","14":"purchasable","15":"product-type-simple"},"_links":{"self":[{"href":"https:\/\/mys-outlet.com\/index.php\/wp-json\/wp\/v2\/product\/5576","targetHints":{"allow":["GET"]}}],"collection":[{"href":"https:\/\/mys-outlet.com\/index.php\/wp-json\/wp\/v2\/product"}],"about":[{"href":"https:\/\/mys-outlet.com\/index.php\/wp-json\/wp\/v2\/types\/product"}],"replies":[{"embeddable":true,"href":"https:\/\/mys-outlet.com\/index.php\/wp-json\/wp\/v2\/comments?post=5576"}],"version-history":[{"count":0,"href":"https:\/\/mys-outlet.com\/index.php\/wp-json\/wp\/v2\/product\/5576\/revisions"}],"wp:featuredmedia":[{"embeddable":true,"href":"https:\/\/mys-outlet.com\/index.php\/wp-json\/wp\/v2\/media\/5563"}],"wp:attachment":[{"href":"https:\/\/mys-outlet.com\/index.php\/wp-json\/wp\/v2\/media?parent=5576"}],"wp:term":[{"taxonomy":"product_cat","embeddable":true,"href":"https:\/\/mys-outlet.com\/index.php\/wp-json\/wp\/v2\/product_cat?post=5576"},{"taxonomy":"product_tag","embeddable":true,"href":"https:\/\/mys-outlet.com\/index.php\/wp-json\/wp\/v2\/product_tag?post=5576"}],"curies":[{"name":"wp","href":"https:\/\/api.w.org\/{rel}","templated":true}]}}

<p>rizadora de cabello espiral</p>
<p>Cilindro de 19mm y 23 mm</p>
<p>Temperatura hasta 180°C o 360ºF.</p>
<p>Rizos suaves y de larga duración.</p>
<p>Cable giratorio de 360º.</p>
<p>Tipo de indicador: Interruptor ON-OFF, Piloto.</p>
<p>Indicador de luz Encendido /Apagado.</p>
<p>Guías en espiral para facilitar el rizado.</p>

<p>⭐️Adquiere tu producto <strong>Rizador Cabello Ceramica Espiral VIVITAR </strong>  de manera segura por nuestra página WEB, este producto cuenta con <strong>1 AÑO DE GARANTÍA y ENVIÓ A TODA COLOMBIA.</strong></p>
<p>&nbsp;</p>
<p><strong>Compra ahora tu</strong> <strong>Rizador Cabello Ceramica Espiral VIVITAR</strong>   y recíbelo en la puerta de tu casa con tiempo de entrega:</p>
<p>&nbsp;</p>
<ul>
<li>1 a 2 días para Bogotá o Ciudades cercanas.</li>
<li>2 a 3 días para ciudades principales.</li>
<li>3 a 5 días para ciudades y pueblos lejanos.</li>
</ul>
<p><strong><span role="image" aria-label="✅">✅</span>VARIOS MÉTODOS DE PAGO EN EFECTIVO O CON TARJETA DEBIDO/CRÉDITO.</strong></p>
