{"id":5605,"date":"2022-03-07T20:56:30","date_gmt":"2022-03-07T20:56:30","guid":{"rendered":"https:\/\/mys-outlet.com\/?post_type=product&#038;p=5605"},"modified":"2023-01-06T04:41:35","modified_gmt":"2023-01-06T04:41:35","slug":"cepillo-electrico-ceramico-para-el-cabello-lavanda-2","status":"publish","type":"product","link":"https:\/\/mys-outlet.com\/index.php\/producto\/cepillo-electrico-ceramico-para-el-cabello-lavanda-2\/","title":{"rendered":"Cepillo Electrico Ceramico para el Cabello Lavanda"},"content":{"rendered":"<p><strong>Cepillo Electrico Ceramico para el Cabello Lavanda<\/strong>_x005F_x000D_<br \/>\n_x005F_x000D_<br \/>\nConsigue el alisado de salon en un instante con el cepillo para alisar el cabello Vivitar! Este cepillo alcanza los 400 F en un minuto con un bot\u00f3n de encendido \/ apagado f\u00e1cil y control de temperatura. Este cepillo tiene puntas de cerdas de deslizamiento suave, un cable giratorio de 6 pies y 125V._x005F_x000D_<br \/>\n_x005F_x000D_<br \/>\n400 F de temperatura m\u00e1xima_x005F_x000D_<br \/>\nCable giratorio de 6 pies_x005F_x000D_<br \/>\nCalentamiento r\u00e1pido_x005F_x000D_<br \/>\nPuntas de cerdas de deslizamiento suave_x005F_x000D_<br \/>\nListo para usar en 1 minuto_x005F_x000D_<br \/>\nControl de temperatura_x005F_x000D_<br \/>\nEncendido \/ apagado f\u00e1cil_x005F_x000D_<br \/>\n125 V<\/p>\n","protected":false},"excerpt":{"rendered":"<p>\u2b50\ufe0fAdquiere tu producto <b>Cepillo El\u00e9ctrico\u00a0Cer\u00e1mico para el Cabello Lavanda<\/b> de manera segura por nuestra p\u00e1gina WEB, este producto cuenta con <strong>1 A\u00d1O DE GARANT\u00cdA y ENVI\u00d3 A TODA COLOMBIA.<\/strong><\/p>\n<p>&nbsp;<\/p>\n<p><strong>Compra ahora tu<\/strong> <b>Cepillo El\u00e9ctrico\u00a0Cer\u00e1mico para el Cabello Lavanda<\/b>\u00a0y rec\u00edbelo en la puerta de tu casa con tiempo de entrega:<\/p>\n<p>&nbsp;<\/p>\n<ul>\n<li>1 a 2 d\u00edas para Bogot\u00e1 o Ciudades cercanas.<\/li>\n<li>2 a 3 d\u00edas para ciudades principales.<\/li>\n<li>3 a 5 d\u00edas para ciudades y pueblos lejanos.<\/li>\n<\/ul>\n<p><strong><span role=\"image\" aria-label=\"\u2705\">\u2705<\/span>VARIOS M\u00c9TODOS DE PAGO EN EFECTIVO O CON TARJETA DEBIDO\/CR\u00c9DITO.<\/strong><\/p>\n","protected":false},"featured_media":5330,"comment_status":"open","ping_status":"closed","template":"","meta":[],"product_cat":[193,187,192,208],"product_tag":[],"class_list":{"0":"post-5605","1":"product","2":"type-product","3":"status-publish","4":"has-post-thumbnail","6":"product_cat-cuidado-del-cabello","7":"product_cat-cuidado-personal","8":"product_cat-mujer","9":"product_cat-vivitar-marcas","10":"product_shipping_class-producto-pequeno","12":"first","13":"instock","14":"shipping-taxable","15":"purchasable","16":"product-type-simple"},"_links":{"self":[{"href":"https:\/\/mys-outlet.com\/index.php\/wp-json\/wp\/v2\/product\/5605","targetHints":{"allow":["GET"]}}],"collection":[{"href":"https:\/\/mys-outlet.com\/index.php\/wp-json\/wp\/v2\/product"}],"about":[{"href":"https:\/\/mys-outlet.com\/index.php\/wp-json\/wp\/v2\/types\/product"}],"replies":[{"embeddable":true,"href":"https:\/\/mys-outlet.com\/index.php\/wp-json\/wp\/v2\/comments?post=5605"}],"version-history":[{"count":0,"href":"https:\/\/mys-outlet.com\/index.php\/wp-json\/wp\/v2\/product\/5605\/revisions"}],"wp:featuredmedia":[{"embeddable":true,"href":"https:\/\/mys-outlet.com\/index.php\/wp-json\/wp\/v2\/media\/5330"}],"wp:attachment":[{"href":"https:\/\/mys-outlet.com\/index.php\/wp-json\/wp\/v2\/media?parent=5605"}],"wp:term":[{"taxonomy":"product_cat","embeddable":true,"href":"https:\/\/mys-outlet.com\/index.php\/wp-json\/wp\/v2\/product_cat?post=5605"},{"taxonomy":"product_tag","embeddable":true,"href":"https:\/\/mys-outlet.com\/index.php\/wp-json\/wp\/v2\/product_tag?post=5605"}],"curies":[{"name":"wp","href":"https:\/\/api.w.org\/{rel}","templated":true}]}}

<p><strong>Cepillo Electrico Ceramico para el Cabello Lavanda</strong>_x005F_x000D_<br />
_x005F_x000D_<br />
Consigue el alisado de salon en un instante con el cepillo para alisar el cabello Vivitar! Este cepillo alcanza los 400 F en un minuto con un botón de encendido / apagado fácil y control de temperatura. Este cepillo tiene puntas de cerdas de deslizamiento suave, un cable giratorio de 6 pies y 125V._x005F_x000D_<br />
_x005F_x000D_<br />
400 F de temperatura máxima_x005F_x000D_<br />
Cable giratorio de 6 pies_x005F_x000D_<br />
Calentamiento rápido_x005F_x000D_<br />
Puntas de cerdas de deslizamiento suave_x005F_x000D_<br />
Listo para usar en 1 minuto_x005F_x000D_<br />
Control de temperatura_x005F_x000D_<br />
Encendido / apagado fácil_x005F_x000D_<br />
125 V</p>

<p>⭐️Adquiere tu producto <b>Cepillo Eléctrico Cerámico para el Cabello Lavanda</b> de manera segura por nuestra página WEB, este producto cuenta con <strong>1 AÑO DE GARANTÍA y ENVIÓ A TODA COLOMBIA.</strong></p>
<p>&nbsp;</p>
<p><strong>Compra ahora tu</strong> <b>Cepillo Eléctrico Cerámico para el Cabello Lavanda</b> y recíbelo en la puerta de tu casa con tiempo de entrega:</p>
<p>&nbsp;</p>
<ul>
<li>1 a 2 días para Bogotá o Ciudades cercanas.</li>
<li>2 a 3 días para ciudades principales.</li>
<li>3 a 5 días para ciudades y pueblos lejanos.</li>
</ul>
<p><strong><span role="image" aria-label="✅">✅</span>VARIOS MÉTODOS DE PAGO EN EFECTIVO O CON TARJETA DEBIDO/CRÉDITO.</strong></p>
