{"id":6390,"date":"2022-07-08T16:21:33","date_gmt":"2022-07-08T16:21:33","guid":{"rendered":"https:\/\/mys-outlet.com\/?post_type=product&#038;p=6390"},"modified":"2023-01-06T04:42:03","modified_gmt":"2023-01-06T04:42:03","slug":"kit-afeitadora-cortapelo-depiladora-vivitar-3","status":"publish","type":"product","link":"https:\/\/mys-outlet.com\/index.php\/producto\/kit-afeitadora-cortapelo-depiladora-vivitar-3\/","title":{"rendered":"Kit Afeitadora Cortapelo Depiladora VIVITAR"},"content":{"rendered":"<p><strong>Kit Afeitadora Cortapelo Depiladora VIVITAR <\/strong><\/p>\n<p>Cuenta con cortadora, recortadora y afeitadora rotativa, incluye recortador de orejas y nariz y cortadora de precisi\u00f3n, incluye juego de 4 tijeras, Cuchillas de acero inoxidable, se requieren 2 pilas AA (no incluidas).<\/p>\n<p><strong>Compra de manera segura TU PRODUCTOS EN MYS GROUP con garant\u00eda de 1 A\u00f1o, Env\u00edos a toda COLOMBIA.<\/strong><\/p>\n<h2><strong>\u00bfPor qu\u00e9 comprar Kit Afeitadora Cortapelo Depiladora VIVITAR en MYS GROUP?<\/strong><\/h2>\n<p>Te ofrecemos un envi\u00f3 seguro para que nada le pueda suceder a tu producto, adem\u00e1s, te garantizamos calidad y funcionamiento del producto completo,\u00a0te damos\u00a0 1 A\u00d1O de garant\u00eda en tu rodillo de belleza el\u00e9ctrico de cuarzo.<\/p>\n<p><strong>Especificaciones t\u00e9cnicas<\/strong><\/p>\n<ul>\n<li>Cuenta con cortadora, recortadora y afeitadora rotativa.<\/li>\n<li>Incluye recortador de orejas y nariz y cortadora de precisi\u00f3n.<\/li>\n<li>Incluye juego de 4 tijeras.<\/li>\n<li>Cuchillas de acero inoxidable.<\/li>\n<li>Importado, se requieren 2 pilas AA (no incluidas).<\/li>\n<\/ul>\n<p><a href=\"https:\/\/mysgroupcol.com\/\">MYS GROUP<\/a>\u00a0trae para usted y su familia los mejores productos en distintas categor\u00edas. Por esto compre seguro con nosotros, adem\u00e1s hacemos env\u00edos a toda Colombia, cuenta con Garant\u00eda de hasta 1 a\u00f1o en varias marcas.<\/p>\n<p><strong>Consigue este y m\u00e1s productos de calidad con nosotros somos Importadores Directos, garantizamos el mejor precio.<\/strong><\/p>\n<ul>\n<li style=\"list-style-type: none;\">\n<ul>\n<li>Vis\u00edtanos ahora en nuestros Instagram \u2013&gt;\u00a0<a href=\"https:\/\/www.instagram.com\/mysgroupcol\/\">www.instagram.com\/mysgroupcol\/<\/a><\/li>\n<\/ul>\n<\/li>\n<\/ul>\n<ul>\n<li style=\"list-style-type: none;\">\n<ul>\n<li>Vis\u00edtanos ahora en nuestro Facebook \u2013&gt;\u00a0<a href=\"https:\/\/www.facebook.com\/mysgroupcol\">www.facebook.com\/mysgroupcol<\/a><\/li>\n<\/ul>\n<\/li>\n<\/ul>\n<ul>\n<li style=\"list-style-type: none;\">\n<ul>\n<li>Necesitas asesor\u00eda directa, escr\u00edbenos a nuestro WhatsApp \u2013&gt;\u00a0<a href=\"https:\/\/api.whatsapp.com\/send?phone=573173644411&amp;text=\">Whatsapp MYS GROUP<\/a><\/li>\n<\/ul>\n<\/li>\n<\/ul>\n<p><strong>Varios m\u00e9todos de pago disponibles \u2013 Producto Nuevo \u2013 Adem\u00e1s Env\u00edos y Pagos Seguros.<\/strong><\/p>\n","protected":false},"excerpt":{"rendered":"<p><strong>Kit Afeitadora Cortapelo Depiladora VIVITAR<\/strong><\/p>\n<p>Adquiere tu producto <strong>Kit Afeitadora Cortapelo Depiladora VIVITAR <\/strong>de manera segura por nuestra p\u00e1gina WEB, este producto cuenta con\u00a0<strong>1 A\u00d1O DE GARANT\u00cdA y ENVI\u00d3 A TODA COLOMBIA.<\/strong><\/p>\n<p><strong>Kit Afeitadora Cortapelo Depiladora VIVITAR <\/strong>y rec\u00edbelo en la puerta de tu casa con tiempo de entrega:<\/p>\n<ul>\n<li>1 a 2 d\u00edas para Bogot\u00e1 o Ciudades cercanas.<\/li>\n<li>2 a 3 d\u00edas para ciudades principales.<\/li>\n<li>3 a 5 d\u00edas para ciudades y pueblos lejanos.<\/li>\n<\/ul>\n<p><strong>VARIOS M\u00c9TODOS DE PAGO EN EFECTIVO O CON TARJETA DEBIDO\/CR\u00c9DITO.<\/strong><\/p>\n","protected":false},"featured_media":5968,"comment_status":"open","ping_status":"closed","template":"","meta":[],"product_cat":[191,188,187,189],"product_tag":[334],"class_list":{"0":"post-6390","1":"product","2":"type-product","3":"status-publish","4":"has-post-thumbnail","6":"product_cat-cuidado-corporal","7":"product_cat-cuidado-facial","8":"product_cat-cuidado-personal","9":"product_cat-hombre","10":"product_tag-kit-afeitadora-cortapelo-depiladora-vivitar","12":"first","13":"instock","14":"shipping-taxable","15":"purchasable","16":"product-type-simple"},"_links":{"self":[{"href":"https:\/\/mys-outlet.com\/index.php\/wp-json\/wp\/v2\/product\/6390","targetHints":{"allow":["GET"]}}],"collection":[{"href":"https:\/\/mys-outlet.com\/index.php\/wp-json\/wp\/v2\/product"}],"about":[{"href":"https:\/\/mys-outlet.com\/index.php\/wp-json\/wp\/v2\/types\/product"}],"replies":[{"embeddable":true,"href":"https:\/\/mys-outlet.com\/index.php\/wp-json\/wp\/v2\/comments?post=6390"}],"version-history":[{"count":0,"href":"https:\/\/mys-outlet.com\/index.php\/wp-json\/wp\/v2\/product\/6390\/revisions"}],"wp:featuredmedia":[{"embeddable":true,"href":"https:\/\/mys-outlet.com\/index.php\/wp-json\/wp\/v2\/media\/5968"}],"wp:attachment":[{"href":"https:\/\/mys-outlet.com\/index.php\/wp-json\/wp\/v2\/media?parent=6390"}],"wp:term":[{"taxonomy":"product_cat","embeddable":true,"href":"https:\/\/mys-outlet.com\/index.php\/wp-json\/wp\/v2\/product_cat?post=6390"},{"taxonomy":"product_tag","embeddable":true,"href":"https:\/\/mys-outlet.com\/index.php\/wp-json\/wp\/v2\/product_tag?post=6390"}],"curies":[{"name":"wp","href":"https:\/\/api.w.org\/{rel}","templated":true}]}}

<p><strong>Kit Afeitadora Cortapelo Depiladora VIVITAR </strong></p>
<p>Cuenta con cortadora, recortadora y afeitadora rotativa, incluye recortador de orejas y nariz y cortadora de precisión, incluye juego de 4 tijeras, Cuchillas de acero inoxidable, se requieren 2 pilas AA (no incluidas).</p>
<p><strong>Compra de manera segura TU PRODUCTOS EN MYS GROUP con garantía de 1 Año, Envíos a toda COLOMBIA.</strong></p>
<h2><strong>¿Por qué comprar Kit Afeitadora Cortapelo Depiladora VIVITAR en MYS GROUP?</strong></h2>
<p>Te ofrecemos un envió seguro para que nada le pueda suceder a tu producto, además, te garantizamos calidad y funcionamiento del producto completo, te damos  1 AÑO de garantía en tu rodillo de belleza eléctrico de cuarzo.</p>
<p><strong>Especificaciones técnicas</strong></p>
<ul>
<li>Cuenta con cortadora, recortadora y afeitadora rotativa.</li>
<li>Incluye recortador de orejas y nariz y cortadora de precisión.</li>
<li>Incluye juego de 4 tijeras.</li>
<li>Cuchillas de acero inoxidable.</li>
<li>Importado, se requieren 2 pilas AA (no incluidas).</li>
</ul>
<p><a href="https://mysgroupcol.com/">MYS GROUP</a> trae para usted y su familia los mejores productos en distintas categorías. Por esto compre seguro con nosotros, además hacemos envíos a toda Colombia, cuenta con Garantía de hasta 1 año en varias marcas.</p>
<p><strong>Consigue este y más productos de calidad con nosotros somos Importadores Directos, garantizamos el mejor precio.</strong></p>
<ul>
<li style="list-style-type: none;">
<ul>
<li>Visítanos ahora en nuestros Instagram –&gt; <a href="https://www.instagram.com/mysgroupcol/">www.instagram.com/mysgroupcol/</a></li>
</ul>
</li>
</ul>
<ul>
<li style="list-style-type: none;">
<ul>
<li>Visítanos ahora en nuestro Facebook –&gt; <a href="https://www.facebook.com/mysgroupcol">www.facebook.com/mysgroupcol</a></li>
</ul>
</li>
</ul>
<ul>
<li style="list-style-type: none;">
<ul>
<li>Necesitas asesoría directa, escríbenos a nuestro WhatsApp –&gt; <a href="https://api.whatsapp.com/send?phone=573173644411&amp;text=">Whatsapp MYS GROUP</a></li>
</ul>
</li>
</ul>
<p><strong>Varios métodos de pago disponibles – Producto Nuevo – Además Envíos y Pagos Seguros.</strong></p>

<p><strong>Kit Afeitadora Cortapelo Depiladora VIVITAR</strong></p>
<p>Adquiere tu producto <strong>Kit Afeitadora Cortapelo Depiladora VIVITAR </strong>de manera segura por nuestra página WEB, este producto cuenta con <strong>1 AÑO DE GARANTÍA y ENVIÓ A TODA COLOMBIA.</strong></p>
<p><strong>Kit Afeitadora Cortapelo Depiladora VIVITAR </strong>y recíbelo en la puerta de tu casa con tiempo de entrega:</p>
<ul>
<li>1 a 2 días para Bogotá o Ciudades cercanas.</li>
<li>2 a 3 días para ciudades principales.</li>
<li>3 a 5 días para ciudades y pueblos lejanos.</li>
</ul>
<p><strong>VARIOS MÉTODOS DE PAGO EN EFECTIVO O CON TARJETA DEBIDO/CRÉDITO.</strong></p>
