{"id":6445,"date":"2022-07-08T16:26:09","date_gmt":"2022-07-08T16:26:09","guid":{"rendered":"https:\/\/mys-outlet.com\/?post_type=product&#038;p=6445"},"modified":"2023-01-06T04:42:09","modified_gmt":"2023-01-06T04:42:09","slug":"diadema-follow-me-bluetooth-fm-negro-2","status":"publish","type":"product","link":"https:\/\/mys-outlet.com\/index.php\/producto\/diadema-follow-me-bluetooth-fm-negro-2\/","title":{"rendered":"Diadema Follow Me Bluetooth Fm Negro"},"content":{"rendered":"<p><strong>Diadema Follow Me Bluetooth Fm Negro<br \/>\n<\/strong><\/p>\n<p>La diadema follow me te entregan el mejor sonido gracias a sus parlantes mejorados de gran tama\u00f1o y alta calidad, a un gran volumen y sin distorsi\u00f3n, Bajos mejorados, Debes probarlos para sorprenderte con su calidad de audio! Olv\u00eddate de una mala recepci\u00f3n, nuestros aud\u00edfonos follow me incorporan cpu y antena mejorada d\u00e1ndote una mejor recepci\u00f3n y calidad de audio. S\u00faper C\u00f3modos de usar gracias a su material de espuma Premium, dise\u00f1o ergon\u00f3mico y liviano, botones multifuncionales (prender-apagar-adelantar-contestar llamadas-volumen), Versi\u00f3n Bluetooth 5.0 con consumo de energ\u00eda Ultra bajo pueden durar hasta 4 d\u00edas en operaci\u00f3n en espera (standby 1~2 days), 8~10 horas de uso continuo (70% volumen), Bater\u00eda de alta capacidad con circuito de protecci\u00f3n de sobrecarga, sobre descarga y corto circuito haci\u00e9ndolos mas duraderos.<\/p>\n<p><strong>Compra de manera segura tus PRODUCTOS EN MYS GROUP con garant\u00eda de 1 A\u00d1O, Env\u00edos a toda COLOMBIA.<\/strong><\/p>\n<h2><strong>\u00bfPor qu\u00e9 comprar Diadema Follow Me Bluetooth Fm MYS GROUP?<\/strong><\/h2>\n<h3 class=\"app__header-text\">Especificaciones t\u00e9cnicas<\/h3>\n<ul>\n<li>Versi\u00f3n de Bluetooth: 5.O<\/li>\n<li>Micr\u00f3fono incorporado.<\/li>\n<li>Entrada para MicroSD.<\/li>\n<li>di\u00e1metro del parlante: 40MM.<\/li>\n<li>Impedancia del parlante: 32 Ohm.<\/li>\n<li>Bater\u00eda del auricular: 300 mAh.<\/li>\n<li>Duraci\u00f3n continua en m\u00fasica: al menos 8~10 horas Volumen 100%.<\/li>\n<li>Duraci\u00f3n continua en llamadas: 10~12 horas.<\/li>\n<li>Incorpora entrada de audio plug 3.5mm para usarlo en dispositivos con salida de audio an\u00e1loga (se incluye 1 cable de audio).<\/li>\n<\/ul>\n<p><a href=\"https:\/\/mysgroupcol.com\/\">MYS GROUP<\/a> trae para usted y su familia los mejores productos en distintas categor\u00edas. Por esto compre seguro con nosotros, adem\u00e1s hacemos env\u00edos a toda Colombia, cuenta con Garant\u00eda de hasta 1 a\u00f1o en varias marcas.<\/p>\n<h3>Consigue este y m\u00e1s productos de calidad con nosotros somos Importadores Directos, garantizamos el mejor precio.<\/h3>\n<ul>\n<li style=\"list-style-type: none;\">\n<ul>\n<li>Vis\u00edtanos ahora en nuestros Instagram &#8211;&gt; <a href=\"https:\/\/www.instagram.com\/mysgroupcol\/\">www.instagram.com\/mysgroupcol\/<\/a><\/li>\n<\/ul>\n<\/li>\n<\/ul>\n<ul>\n<li style=\"list-style-type: none;\">\n<ul>\n<li>Vis\u00edtanos ahora en nuestro Facebook &#8211;&gt; <a href=\"https:\/\/www.facebook.com\/mysgroupcol\">www.facebook.com\/mysgroupcol<\/a><\/li>\n<\/ul>\n<\/li>\n<\/ul>\n<ul>\n<li style=\"list-style-type: none;\">\n<ul>\n<li>Necesitas asesor\u00eda directa, escr\u00edbenos a nuestro WhatsApp &#8211;&gt; <a href=\"https:\/\/api.whatsapp.com\/send?phone=573173644411&amp;text=\">Whatsapp MYS GROUP <\/a><\/li>\n<\/ul>\n<\/li>\n<\/ul>\n<p><strong>Varios m\u00e9todos de pago disponibles \u2013 Producto Nuevo \u2013 Adem\u00e1s Env\u00edos y Pagos Seguros.<\/strong><\/p>\n","protected":false},"excerpt":{"rendered":"<p>\u2b50\ufe0fAdquiere tu producto <strong>Diadema Follow Me Bluetooth Fm Negro<\/strong>\u00a0de manera segura por nuestra p\u00e1gina WEB, este producto cuenta con <strong>1 A\u00d1O DE GARANT\u00cdA y ENVI\u00d3 A TODA COLOMBIA.<\/strong><\/p>\n<p>&nbsp;<\/p>\n<p><strong>Diadema Follow Me Bluetooth Fm Negro<\/strong><strong>\u00a0<\/strong>y rec\u00edbelo en la puerta de tu casa con tiempo de entrega:<\/p>\n<p>&nbsp;<\/p>\n<ul>\n<li>1 a 2 d\u00edas para Bogot\u00e1 o Ciudades cercanas.<\/li>\n<li>2 a 3 d\u00edas para ciudades principales.<\/li>\n<li>3 a 5 d\u00edas para ciudades y pueblos lejanos.<\/li>\n<\/ul>\n<p><strong><span role=\"image\" aria-label=\"\u2705\">\u2705<\/span>VARIOS M\u00c9TODOS DE PAGO EN EFECTIVO O CON TARJETA DEBIDO\/CR\u00c9DITO.<\/strong><\/p>\n","protected":false},"featured_media":5990,"comment_status":"open","ping_status":"closed","template":"","meta":[],"product_cat":[185,179,208],"product_tag":[343],"class_list":{"0":"post-6445","1":"product","2":"type-product","3":"status-publish","4":"has-post-thumbnail","6":"product_cat-audifonos","7":"product_cat-tecnologia","8":"product_cat-vivitar-marcas","9":"product_tag-diadema-follow-me-bluetooth-fm-negro","10":"product_shipping_class-producto-mediano","12":"first","13":"instock","14":"shipping-taxable","15":"purchasable","16":"product-type-simple"},"_links":{"self":[{"href":"https:\/\/mys-outlet.com\/index.php\/wp-json\/wp\/v2\/product\/6445","targetHints":{"allow":["GET"]}}],"collection":[{"href":"https:\/\/mys-outlet.com\/index.php\/wp-json\/wp\/v2\/product"}],"about":[{"href":"https:\/\/mys-outlet.com\/index.php\/wp-json\/wp\/v2\/types\/product"}],"replies":[{"embeddable":true,"href":"https:\/\/mys-outlet.com\/index.php\/wp-json\/wp\/v2\/comments?post=6445"}],"version-history":[{"count":0,"href":"https:\/\/mys-outlet.com\/index.php\/wp-json\/wp\/v2\/product\/6445\/revisions"}],"wp:featuredmedia":[{"embeddable":true,"href":"https:\/\/mys-outlet.com\/index.php\/wp-json\/wp\/v2\/media\/5990"}],"wp:attachment":[{"href":"https:\/\/mys-outlet.com\/index.php\/wp-json\/wp\/v2\/media?parent=6445"}],"wp:term":[{"taxonomy":"product_cat","embeddable":true,"href":"https:\/\/mys-outlet.com\/index.php\/wp-json\/wp\/v2\/product_cat?post=6445"},{"taxonomy":"product_tag","embeddable":true,"href":"https:\/\/mys-outlet.com\/index.php\/wp-json\/wp\/v2\/product_tag?post=6445"}],"curies":[{"name":"wp","href":"https:\/\/api.w.org\/{rel}","templated":true}]}}