{"id":6699,"date":"2022-07-08T16:34:40","date_gmt":"2022-07-08T16:34:40","guid":{"rendered":"https:\/\/mys-outlet.com\/?post_type=product&#038;p=6699"},"modified":"2023-01-06T04:42:29","modified_gmt":"2023-01-06T04:42:29","slug":"burago-motos-118-8","status":"publish","type":"product","link":"https:\/\/mys-outlet.com\/index.php\/producto\/burago-motos-118-8\/","title":{"rendered":"BURAGO MOTOS 1:18"},"content":{"rendered":"<p>BURAGO MOTOS 1:18<\/p>\n<p>Completa tu colecci\u00f3n de motos!!!!<\/p>\n<ul>\n<li><strong>Suzuki Rm 450 Amarilla &#8211; 15 Unidades<\/strong><\/li>\n<li><strong>KTM 1190 Negra con naranjo \u2013 3 unidades<\/strong><\/li>\n<li><strong>BMW R1100R GRIS \u2013 6 unidades<\/strong><\/li>\n<li><strong>Kawasaki kx450 Verde \u2013 2 unidades<\/strong>&nbsp;\n<p><strong>Al momento de comprar en NOTAS DEL PEDIDO conf\u00edrmanos el modelo que quieres comprar, de todas formas, un asesor se comunicara contigo despu\u00e9s del pago para rectificar el modelo.<\/strong><\/li>\n<\/ul>\n","protected":false},"excerpt":{"rendered":"<p>\u2b50\ufe0fAdquiere tu producto <strong>BURAGO MOTOS 1:18 REF.18-51000 SURTIDAS <\/strong>de manera segura por nuestra p\u00e1gina WEB, este producto cuenta con <strong>1 A\u00d1O DE GARANT\u00cdA y ENVI\u00d3 A TODA COLOMBIA.<\/strong><\/p>\n<p>&nbsp;<\/p>\n<p><strong>Compra ahora tu<\/strong> <strong>BURAGO MOTOS 1:18 REF.18-51000 SURTIDAS<\/strong>\u00a0y rec\u00edbelo en la puerta de tu casa con tiempo de entrega:<\/p>\n<p>&nbsp;<\/p>\n<ul>\n<li>1 a 2 d\u00edas para Bogot\u00e1 o Ciudades cercanas.<\/li>\n<li>2 a 3 d\u00edas para ciudades principales.<\/li>\n<li>3 a 5 d\u00edas para ciudades y pueblos lejanos.<\/li>\n<\/ul>\n<p><strong><span role=\"image\" aria-label=\"\u2705\">\u2705<\/span>VARIOS M\u00c9TODOS DE PAGO EN EFECTIVO O CON TARJETA DEBIDO\/CR\u00c9DITO.<\/strong><\/p>\n","protected":false},"featured_media":5197,"comment_status":"open","ping_status":"closed","template":"","meta":[],"product_cat":[221,178,164,208],"product_tag":[],"class_list":{"0":"post-6699","1":"product","2":"type-product","3":"status-publish","4":"has-post-thumbnail","6":"product_cat-burago-marcas","7":"product_cat-carros-de-coleccion","8":"product_cat-juguetes","9":"product_cat-vivitar-marcas","10":"product_shipping_class-producto-pequeno","12":"first","13":"instock","14":"shipping-taxable","15":"purchasable","16":"product-type-simple"},"_links":{"self":[{"href":"https:\/\/mys-outlet.com\/index.php\/wp-json\/wp\/v2\/product\/6699","targetHints":{"allow":["GET"]}}],"collection":[{"href":"https:\/\/mys-outlet.com\/index.php\/wp-json\/wp\/v2\/product"}],"about":[{"href":"https:\/\/mys-outlet.com\/index.php\/wp-json\/wp\/v2\/types\/product"}],"replies":[{"embeddable":true,"href":"https:\/\/mys-outlet.com\/index.php\/wp-json\/wp\/v2\/comments?post=6699"}],"version-history":[{"count":0,"href":"https:\/\/mys-outlet.com\/index.php\/wp-json\/wp\/v2\/product\/6699\/revisions"}],"wp:featuredmedia":[{"embeddable":true,"href":"https:\/\/mys-outlet.com\/index.php\/wp-json\/wp\/v2\/media\/5197"}],"wp:attachment":[{"href":"https:\/\/mys-outlet.com\/index.php\/wp-json\/wp\/v2\/media?parent=6699"}],"wp:term":[{"taxonomy":"product_cat","embeddable":true,"href":"https:\/\/mys-outlet.com\/index.php\/wp-json\/wp\/v2\/product_cat?post=6699"},{"taxonomy":"product_tag","embeddable":true,"href":"https:\/\/mys-outlet.com\/index.php\/wp-json\/wp\/v2\/product_tag?post=6699"}],"curies":[{"name":"wp","href":"https:\/\/api.w.org\/{rel}","templated":true}]}}