{"id":7001,"date":"2022-07-08T17:00:12","date_gmt":"2022-07-08T17:00:12","guid":{"rendered":"https:\/\/mys-outlet.com\/?post_type=product&#038;p=7001"},"modified":"2023-01-06T04:42:53","modified_gmt":"2023-01-06T04:42:53","slug":"maquina-afeitar-3-cab-anti-agua-8","status":"publish","type":"product","link":"https:\/\/mys-outlet.com\/index.php\/producto\/maquina-afeitar-3-cab-anti-agua-8\/","title":{"rendered":"Maquina Afeitar 3 Cab Anti Agua"},"content":{"rendered":"<p><strong>Maquina Afeitar 3 Cab Anti Agua<br \/>\n<\/strong>Afeitado seco o h\u00famedo, con sistema de cuchillas\u00a0 con 3 cabezales. Sistema de cuchillas corta hasta el vello m\u00e1s profundo,\u00a0 permite recortarte la barba mientras te duchas, La innovaci\u00f3n de Maquina Afeitar Aprueba Aguar te llevara a otro nivel, con\u00f3cela ahora. Nuestra Historia. Estilos de Barba. Cuidados de la piel. Sin irritaci\u00f3n.<\/p>\n<p><strong>Compra de manera segura tus PRODUCTOS EN MYS GROUP con garant\u00eda de 1 A\u00d1O, Env\u00edos a toda COLOMBIA.<\/strong><\/p>\n<h2><strong>\u00bfPor qu\u00e9 comprar Maquina Afeitar 3 Cab MYS GROUP?<\/strong><\/h2>\n<p>Maquina Afeitar 3 Cab Anti Agua<\/p>\n<h3 class=\"app__header-text\">Especificaciones t\u00e9cnicas<\/h3>\n<ul>\n<li>Afeitado seco o h\u00famedo, con sistema de cuchillas\u00a0 con cabezales.<\/li>\n<li>Sistema de cuchillas corta hasta el vello m\u00e1s profundo.<\/li>\n<li>permite recortarte la barba mientras te duchas.<\/li>\n<li>La innovaci\u00f3n de Maquina Afeitar Aprueba Aguar te llevara a otro nivel.<\/li>\n<li>Estilos de Barba.<\/li>\n<li>Cuidados de la piel.<\/li>\n<\/ul>\n<p><a href=\"https:\/\/mysgroupcol.com\/\">MYS GROUP<\/a> trae para usted y su familia los mejores productos en distintas categor\u00edas. Por esto compre seguro con nosotros, adem\u00e1s hacemos env\u00edos a toda Colombia, cuenta con Garant\u00eda de hasta 1 a\u00f1o en varias marcas.<\/p>\n<h3>Consigue este y m\u00e1s productos de calidad con nosotros somos Importadores Directos, garantizamos el mejor precio.<\/h3>\n<ul>\n<li style=\"list-style-type: none;\">\n<ul>\n<li>Vis\u00edtanos ahora en nuestros Instagram &#8211;&gt; <a href=\"https:\/\/www.instagram.com\/mysgroupcol\/\">www.instagram.com\/mysgroupcol\/<\/a><\/li>\n<\/ul>\n<\/li>\n<\/ul>\n<ul>\n<li style=\"list-style-type: none;\">\n<ul>\n<li>Vis\u00edtanos ahora en nuestro Facebook &#8211;&gt; <a href=\"https:\/\/www.facebook.com\/mysgroupcol\">www.facebook.com\/mysgroupcol<\/a><\/li>\n<\/ul>\n<\/li>\n<\/ul>\n<ul>\n<li style=\"list-style-type: none;\">\n<ul>\n<li>Necesitas asesor\u00eda directa, escr\u00edbenos a nuestro WhatsApp &#8211;&gt; <a href=\"https:\/\/api.whatsapp.com\/send?phone=573173644411&amp;text=\">Whatsapp MYS GROUP <\/a><\/li>\n<\/ul>\n<\/li>\n<\/ul>\n<p><strong>Varios m\u00e9todos de pago disponibles \u2013 Producto Nuevo \u2013 Adem\u00e1s Env\u00edos y Pagos Seguros.<\/strong><\/p>\n","protected":false},"excerpt":{"rendered":"<p>\u2b50\ufe0fAdquiere tu producto <strong>Maquina de Afeitar 3 Cab a Prueba de Agua<\/strong> de manera segura por nuestra p\u00e1gina WEB, este producto cuenta con <strong>1 A\u00d1O DE GARANT\u00cdA y ENVI\u00d3 A TODA COLOMBIA.<\/strong><\/p>\n<p>&nbsp;<\/p>\n<p><strong>Compra ahora tu<\/strong> <strong>Maquina de Afeitar 3 Cab a Prueba de Agua<\/strong>\u00a0y rec\u00edbelo en la puerta de tu casa con tiempo de entrega:<\/p>\n<p>&nbsp;<\/p>\n<ul>\n<li>1 a 2 d\u00edas para Bogot\u00e1 o Ciudades cercanas.<\/li>\n<li>2 a 3 d\u00edas para ciudades principales.<\/li>\n<li>3 a 5 d\u00edas para ciudades y pueblos lejanos.<\/li>\n<\/ul>\n<p><strong><span role=\"image\" aria-label=\"\u2705\">\u2705<\/span>VARIOS M\u00c9TODOS DE PAGO EN EFECTIVO O CON TARJETA DEBIDO\/CR\u00c9DITO.<\/strong><\/p>\n","protected":false},"featured_media":5511,"comment_status":"open","ping_status":"closed","template":"","meta":[],"product_cat":[193,187,189,208],"product_tag":[307],"class_list":{"0":"post-7001","1":"product","2":"type-product","3":"status-publish","4":"has-post-thumbnail","6":"product_cat-cuidado-del-cabello","7":"product_cat-cuidado-personal","8":"product_cat-hombre","9":"product_cat-vivitar-marcas","10":"product_tag-maquina-afeitar-3-cab-anti-agua","11":"product_shipping_class-producto-mediano","13":"first","14":"instock","15":"shipping-taxable","16":"purchasable","17":"product-type-simple"},"_links":{"self":[{"href":"https:\/\/mys-outlet.com\/index.php\/wp-json\/wp\/v2\/product\/7001","targetHints":{"allow":["GET"]}}],"collection":[{"href":"https:\/\/mys-outlet.com\/index.php\/wp-json\/wp\/v2\/product"}],"about":[{"href":"https:\/\/mys-outlet.com\/index.php\/wp-json\/wp\/v2\/types\/product"}],"replies":[{"embeddable":true,"href":"https:\/\/mys-outlet.com\/index.php\/wp-json\/wp\/v2\/comments?post=7001"}],"version-history":[{"count":0,"href":"https:\/\/mys-outlet.com\/index.php\/wp-json\/wp\/v2\/product\/7001\/revisions"}],"wp:featuredmedia":[{"embeddable":true,"href":"https:\/\/mys-outlet.com\/index.php\/wp-json\/wp\/v2\/media\/5511"}],"wp:attachment":[{"href":"https:\/\/mys-outlet.com\/index.php\/wp-json\/wp\/v2\/media?parent=7001"}],"wp:term":[{"taxonomy":"product_cat","embeddable":true,"href":"https:\/\/mys-outlet.com\/index.php\/wp-json\/wp\/v2\/product_cat?post=7001"},{"taxonomy":"product_tag","embeddable":true,"href":"https:\/\/mys-outlet.com\/index.php\/wp-json\/wp\/v2\/product_tag?post=7001"}],"curies":[{"name":"wp","href":"https:\/\/api.w.org\/{rel}","templated":true}]}}

<p><strong>Maquina Afeitar 3 Cab Anti Agua<br />
</strong>Afeitado seco o húmedo, con sistema de cuchillas  con 3 cabezales. Sistema de cuchillas corta hasta el vello más profundo,  permite recortarte la barba mientras te duchas, La innovación de Maquina Afeitar Aprueba Aguar te llevara a otro nivel, conócela ahora. Nuestra Historia. Estilos de Barba. Cuidados de la piel. Sin irritación.</p>
<p><strong>Compra de manera segura tus PRODUCTOS EN MYS GROUP con garantía de 1 AÑO, Envíos a toda COLOMBIA.</strong></p>
<h2><strong>¿Por qué comprar Maquina Afeitar 3 Cab MYS GROUP?</strong></h2>
<p>Maquina Afeitar 3 Cab Anti Agua</p>
<h3 class="app__header-text">Especificaciones técnicas</h3>
<ul>
<li>Afeitado seco o húmedo, con sistema de cuchillas  con cabezales.</li>
<li>Sistema de cuchillas corta hasta el vello más profundo.</li>
<li>permite recortarte la barba mientras te duchas.</li>
<li>La innovación de Maquina Afeitar Aprueba Aguar te llevara a otro nivel.</li>
<li>Estilos de Barba.</li>
<li>Cuidados de la piel.</li>
</ul>
<p><a href="https://mysgroupcol.com/">MYS GROUP</a> trae para usted y su familia los mejores productos en distintas categorías. Por esto compre seguro con nosotros, además hacemos envíos a toda Colombia, cuenta con Garantía de hasta 1 año en varias marcas.</p>
<h3>Consigue este y más productos de calidad con nosotros somos Importadores Directos, garantizamos el mejor precio.</h3>
<ul>
<li style="list-style-type: none;">
<ul>
<li>Visítanos ahora en nuestros Instagram &#8211;&gt; <a href="https://www.instagram.com/mysgroupcol/">www.instagram.com/mysgroupcol/</a></li>
</ul>
</li>
</ul>
<ul>
<li style="list-style-type: none;">
<ul>
<li>Visítanos ahora en nuestro Facebook &#8211;&gt; <a href="https://www.facebook.com/mysgroupcol">www.facebook.com/mysgroupcol</a></li>
</ul>
</li>
</ul>
<ul>
<li style="list-style-type: none;">
<ul>
<li>Necesitas asesoría directa, escríbenos a nuestro WhatsApp &#8211;&gt; <a href="https://api.whatsapp.com/send?phone=573173644411&amp;text=">Whatsapp MYS GROUP </a></li>
</ul>
</li>
</ul>
<p><strong>Varios métodos de pago disponibles – Producto Nuevo – Además Envíos y Pagos Seguros.</strong></p>

<p>⭐️Adquiere tu producto <strong>Maquina de Afeitar 3 Cab a Prueba de Agua</strong> de manera segura por nuestra página WEB, este producto cuenta con <strong>1 AÑO DE GARANTÍA y ENVIÓ A TODA COLOMBIA.</strong></p>
<p>&nbsp;</p>
<p><strong>Compra ahora tu</strong> <strong>Maquina de Afeitar 3 Cab a Prueba de Agua</strong> y recíbelo en la puerta de tu casa con tiempo de entrega:</p>
<p>&nbsp;</p>
<ul>
<li>1 a 2 días para Bogotá o Ciudades cercanas.</li>
<li>2 a 3 días para ciudades principales.</li>
<li>3 a 5 días para ciudades y pueblos lejanos.</li>
</ul>
<p><strong><span role="image" aria-label="✅">✅</span>VARIOS MÉTODOS DE PAGO EN EFECTIVO O CON TARJETA DEBIDO/CRÉDITO.</strong></p>
